(r) = r**2 - 4. Let n(v) = -2*v**2 - 17*v - 8. Let x be n(-8). What is f(x)?
-4
Let z(a) = 10*a - 1. Let o be (-43 - -42)*(2 - 1). Give z(o).
-11
Let k(y) = -y - 3. Let m be 7/((4/(-52))/(-1)). Let g be (156/m)/((-2)/14). Let v be 36/8*16/g. What is k(v)?
3
Let q = -47 + 76. Suppose 0 = -3*b - 11 + q. Let k(a) = -2*a - 3 + 2 + b - 3. Determine k(-6).
14
Let b(c) = c**3 - 6*c**2 - 7*c - 7. Let g = 23 - 8. Suppose -2*z + t = -12, -5*z - 2*t + 24 = -g. Give b(z).
-7
Let h be 2*1/(-4)*-10. Let r(o) = -3*o**2 - 14*o + 5. Let s be r(-5). Let i(u) = s + 0 + 0 + h*u. Give i(-3).
-15
Let k(d) = -8*d - 7. Suppose -10*i + 2*v = -12*i - 8, -4*i + v = 21. Calculate k(i).
33
Suppose 0 = 2*g - i - 0*i - 4, -4*i - 16 = 0. Let u(j) = 188 - 2*j + g*j - 191. Calculate u(-3).
3
Let m(r) = -r**2 - 28*r - 31. Let g(w) = -w**3 - 5*w**2 + 28*w + 113. Let t be g(-5). What is m(t)?
-4
Let k(h) = h**3 + 5*h**2 + 4*h + 9. Let m(u) = -2*u**3 - 5*u**2 - 4*u - 7. Let z(j) = 3*k(j) + 2*m(j). Determine z(6).
1
Suppose 2*u + w - 2 = -w, 0 = -u + w + 1. Suppose u = t + 2, 6 = -l - 3*t. Let i(c) = -c**3 - 5*c**2 - 3*c + 4. Calculate i(l).
-5
Let i(w) = w**3 + 4*w**2 - 5*w - 6. Let b be 0*(-2 - -3) - (1 - 1). Suppose -5*c - h = 28, b = 5*c - 8*c - 4*h - 27. Give i(c).
-6
Let g(j) = -17*j**2 + 12*j - 4. Let a(d) = 3*d - 2. Let l(h) = 3*a(h) - g(h). What is l(-1)?
18
Let k(u) = 3*u + 37. Let r be k(-8). Let n(g) = 2*g - 20. What is n(r)?
6
Suppose -17*n = -10*n - 28. Let i(c) = c**2 - 6*c + 5. Determine i(n).
-3
Let i(z) be the third derivative of 1/30*z**5 + 17*z**2 - 1/2*z**3 + 0 + 1/12*z**4 + 0*z. Give i(-3).
9
Let o(m) be the third derivative of 1/60*m**5 + 0*m - 4/3*m**3 - 1/8*m**4 - m**2 + 0. Give o(6).
10
Let p(l) = -l**2 - 4*l. Let u be p(-2). Let f = u - -6. Suppose w = -4*r - 18, 4*r - 6*w + 3*w = -f. Let t(c) = c**2 + 5*c. What is t(r)?
-4
Suppose w - 8 = -2*h, -2*h - 2*w + 3 + 3 = 0. Suppose 4*j - h = -1. Let z be 3*j*(-2 + 1). Let q(t) = 5*t + 4. Give q(z).
-11
Let s be (-250)/30 - (-1 - 2/6). Let u(v) = -3*v**2 + 19*v + 7. Let l(q) = -2*q**2 + 10*q + 3. Let i(r) = -5*l(r) + 3*u(r). Calculate i(s).
6
Let s = 230 - 232. Suppose -3*y - 2 = 2*x, -x + 0*x + 5 = 0. Let v be (s - 1)*y/(-2). Let m(g) = -g**3 - 5*g**2 + 6*g - 1. Calculate m(v).
-1
Suppose 0 = 4*f - 0*f - 12. Suppose u - t + 0 - 1 = 0, -f*u - t = -19. Let j(m) = m + 1. Determine j(u).
6
Suppose 72 = 18*f - 0*f. Let w(x) = x**2 + 3*x - 6. Give w(f).
22
Suppose -6*p = -0*p + 4*p. Let r(b) = b**2 - 14. What is r(p)?
-14
Suppose 431*t - 432*t + 19 = 0. Let p = 79 + -44. Let s(o) = -o - t - 22 + p. Determine s(-6).
0
Let k(s) = 37*s**2 - 38*s**2 - 2 - 10 + 13*s. Give k(11).
10
Let j(a) = -a**2 - 4*a. Let k be (((-240)/50)/8)/((-2)/10). Suppose 3*f - d = -f - 2, -2*f - 8 = -4*d. Suppose -l + 6*l - k*i + 15 = 0, -i = f. What is j(l)?
3
Let x(g) = g**3 + 6*g**2 + 3*g - 16. Let r be x(-5). Let c(t) = 2*t + 1. Give c(r).
-11
Let l be ((-3)/12)/(3/(-36)). Let j(p) = 6*p + p + 6*p + l - 17*p. What is j(2)?
-5
Let f(z) = -z + 1. Let q be f(4). Let x(m) = -m**2 + 5*m + 3. Let g be x(5). Let n(l) = -3*l**2 + 2 + 4*l**g + 2 + 3*l - 7 - 5*l**3. Calculate n(q).
-12
Suppose 0*h - 2*h + 6 = 0. Suppose -2*i + h + 7 = 0. Let r(d) = 1 - i + 2*d + 6*d - 6*d. Determine r(-3).
-10
Let m(o) = -4*o**2 + o + 3. Let l(b) = -35*b + 6 - 6 + b**2 + 34*b. Let w(k) = -5*l(k) - m(k). What is w(4)?
-3
Let t = 35 - 31. Suppose -w - t*f = -14 - 4, w - 2*f = 0. Let l(x) = 2*x - 7. Determine l(w).
5
Let t(x) = x**2 + 7*x + 2. Let z be t(-7). Suppose -v + 3*m = v - 2, z*m = 4. Suppose -r - 2*r + 20 = -2*g, -v*g - 4*r = 0. Let b(c) = -2*c - 5. Give b(g).
3
Let m(h) = h**3 - 3*h**2 - 5*h - 3. Let g(j) = 7*j - 34. Let c be g(6). Let n be 3*3/(18/c). What is m(n)?
-7
Suppose 3*m - d = 10, 3*m + 6*d - 9*d = 12. Let k(o) = -6*o - 4. Determine k(m).
-22
Let w = -227 - -238. Let p(o) = -o**3 + 10*o**2 + 9*o + 15. Give p(w).
-7
Let t = 256 + -256. Let w(z) = z + 15. What is w(t)?
15
Let y(n) = n**2 - 63*n + 41. Let z(u) = 15*u - 10. Let c(p) = -2*y(p) - 9*z(p). Determine c(1).
-3
Let l(c) = 14*c**2 + 14*c - c + c + 10 + c**3. Let r(x) = -x**2 - 2*x + 2. Let q be r(-5). Let a be l(q). Let o(b) = -b. What is o(a)?
3
Let p(l) = -l**3 + 20*l**2 + 8*l - 154. Let w be p(20). Let d(m) = 5*m**3 - 4*m**3 + 7*m**2 - 5 - 4*m - 2*m**3. Calculate d(w).
7
Let u(y) = y**3 - 3*y**2 - 19*y + 9. Let i be u(6). Let w(n) = -n**2 + 2*n + 5. What is w(i)?
2
Suppose -268*r = -271*r + 6. Let h(c) = 2*c**3 - 4*c**2 + 3*c - 5. Calculate h(r).
1
Let n(p) = 3*p + 1. Let m(r) = -26*r - 33. Let s(b) = -2*m(b) - 22*n(b). Determine s(3).
2
Let s(x) = x**2 - 3*x + 3. Let u be (45/(-12))/(-5) + (-26)/(-8). Let q be s(u). Let n(j) = j - 6. What is n(q)?
1
Let t(s) = -1 + 6717*s**2 - 3*s**3 - 6712*s**2 + 4*s**3 + 2*s. Calculate t(-4).
7
Let v(l) = 7*l + 4. Let s(x) = -8*x - 4. Let w(m) = 3*s(m) + 4*v(m). Let z be (18 - -2)/1 - 0. Suppose 3*t = -5*y - 12, t + 4*t - 3*y = -z. Determine w(t).
-12
Let t(i) be the first derivative of -i**3 - 11*i**2/2 - i - 7. Let c(g) = -16*g**2 - 56*g - 6. Let u(x) = 2*c(x) - 11*t(x). Calculate u(-6).
-19
Suppose 10*j = 2 + 48. Let h(f) = -f**2 + 7*f - 4. Let o be h(6). Let i(z) = -z + 0 + 0*z**o - 3*z + z**2 + 3. Calculate i(j).
8
Let d(o) be the third derivative of -o**4/6 + 4*o**3/3 - o**2 + 314. Determine d(-7).
36
Let d(n) be the second derivative of -n**4/12 - n**3/6 - n**2/2 - 26*n. Calculate d(-3).
-7
Suppose -25 - 30 = -w. Let d = w - 55. Let o(h) = -h**2 - h - 3. Give o(d).
-3
Let z(f) = 5*f**3 + 4*f**2 + 4*f + 2. Let l(w) = 6*w**3 + 5*w**2 + 5*w + 1. Let o = -5 + 9. Let q(t) = o*l(t) - 5*z(t). What is q(0)?
-6
Let g(j) = -j + 8. Let y(u) = -u + 3. Let w(c) = -1. Let l(v) = -6*w(v) + y(v). Let d(b) = 4*g(b) - 3*l(b). Give d(5).
0
Let m = -58 - -75. Suppose w = -4, -g + 3*w = -m - 1. Let q(j) = -5*j + 2. Give q(g).
-28
Let n(f) = -f**2 - 5*f - 1. Suppose 0 = -18*b + 24*b + 24. Determine n(b).
3
Let c(i) = -i - 7. Let g(x) = 2*x + 15. Let t = 7 + -7. Suppose -4*j + 61 - 9 = t. Let k(h) = j*c(h) + 6*g(h). What is k(6)?
-7
Suppose 3*s + 2*f + 4 + 6 = 0, -3*s + 4*f + 2 = 0. Let y(j) = -j**3 + j**2. Let m(o) = 3*o**3 - 6*o**2 - o - 2. Let d(i) = m(i) + 4*y(i). Give d(s).
0
Let z(a) = a**2 + 3*a + 2. Let y(c) = 4*c**3 - 6*c**2 + 3*c + 1. Let k be y(2). Suppose 7*v = -k - 6. Give z(v).
2
Let t(w) = -7*w**2 + 5*w - 2. Let c(y) = 6*y**2 - 4*y + 1. Let q(a) = -6*c(a) - 5*t(a). Let i = -6 + 6. Suppose 0 = -2*s - i*s. Determine q(s).
4
Suppose 0 = -8*r - 96 + 32. Let a(w) = -w**2 - 13*w - 9. What is a(r)?
31
Let o(h) = 2*h - 3. Suppose i = 6*i - 15. Suppose f = -3*u - 0*u - 9, 0 = -i*f + 4*u + 38. Calculate o(f).
9
Let v(r) = 146*r - 70*r - 78*r - 13. Let m = 16 - 25. Give v(m).
5
Let c(k) be the third derivative of k**4/12 - 7*k**3/6 + 2*k**2. Let p = -4 + 44. Let r = p + -34. Give c(r).
5
Let y(z) be the second derivative of -z**5/20 + z**4/2 - 5*z**3/6 + 2*z**2 + 6*z + 2. Calculate y(4).
16
Let v(q) = q**3 + 17*q**2 + 40*q - 22. Let h be v(-14). Let t(c) = -4*c + 12. Give t(h).
-12
Let o(s) be the first derivative of -s**4/4 - s**3 - s**2 + 3*s + 253. Let l be (-3)/4 - (-81)/12. Let a = 3 - l. Calculate o(a).
9
Let f(u) = u**3 - 4*u**2 - 6*u + 8. Let k = 1466 - 1462. What is f(k)?
-16
Let h(k) = 2*k + 1. Let r = -12 - 6. Let n be (-3)/(-6) - r/4. Suppose -x - 8 = 2*l, -4*x = -0*l - l + n. Give h(l).
-5
Let t(i) be the second derivative of -i**3/6 - i**2 + i. Suppose -2*n - 74 = 66. Let z = n + 73. Determine t(z).
-5
Let n = -31 - -36. Let m(r) = 3*r**3 - 24*r**2 - 15*r + 9. Let d(u) = 5*u**3 - 37*u**2 - 23*u + 14. Let l(c) = n*d(c) - 8*m(c). Calculate l(-6).
4
Let l(z) = -z**3 - 4*z**2 + 3*z + 13. Let f = -1632 + 1628. Give l(f).
1
Let n = -119 - -79. Let o be ((-48)/n)/((-1)/5). Let k(y) = -y. Calculate k(o).
6
Let f(j) = 0*j + 0*j + j - 2*j**3. Let g(l) = -5*l - 9. Let h be g(-4). Suppose -4*x - 7 = -h. Determine f(x).
-1
Let w(k) = 5*k. Let s be ((-64)/(-24))/(1/(-3)). Determine w(s).
-40
Let l(m) = m**2. Let n(r) = r - 2. Let q be n(5). Suppose -5*y - 21 = 2*d, 5*d + q*y = -2*y - 15. Determine l(d).
4
Suppose -3*m + 4*m = -7. Let c be (-156)/(-65) + (-2)/5. Let s(w) = -9 - 2*w + 0*w - c + 1. Determine s(m).
4
Let q(c) be the first derivative of c**3/6 + c**